{"id":130,"date":"2023-04-24T00:38:00","date_gmt":"2023-04-23T22:38:00","guid":{"rendered":"http:\/\/chorale-esperance.com\/wp-content\/uploads\/2023\/04\/face-cd-je-noublierai-jamais-2.jpg"},"modified":"2023-04-24T00:54:40","modified_gmt":"2023-04-23T22:54:40","slug":"face-cd-je-noublierai-jamais-2","status":"inherit","type":"attachment","link":"https:\/\/chorale-esperance.com\/index.php\/page-d-exemple\/face-cd-je-noublierai-jamais-2\/","title":{"rendered":"&#8220;Je n&#8217;oublierai jamais&#8221; &#8211; 2004"},"author":1,"featured_media":0,"comment_status":"open","ping_status":"closed","template":"","meta":[],"class_list":["post-130","attachment","type-attachment","status-inherit","hentry"],"description":{"rendered":"<p class=\"attachment\"><a href='https:\/\/chorale-esperance.com\/wp-content\/uploads\/2023\/04\/face-cd-je-noublierai-jamais-2.jpg'><img loading=\"lazy\" decoding=\"async\" width=\"297\" height=\"300\" src=\"https:\/\/chorale-esperance.com\/wp-content\/uploads\/2023\/04\/face-cd-je-noublierai-jamais-2-297x300.jpg\" class=\"attachment-medium size-medium\" alt=\"\" srcset=\"https:\/\/chorale-esperance.com\/wp-content\/uploads\/2023\/04\/face-cd-je-noublierai-jamais-2-297x300.jpg 297w, https:\/\/chorale-esperance.com\/wp-content\/uploads\/2023\/04\/face-cd-je-noublierai-jamais-2-1015x1024.jpg 1015w, https:\/\/chorale-esperance.com\/wp-content\/uploads\/2023\/04\/face-cd-je-noublierai-jamais-2-768x775.jpg 768w, https:\/\/chorale-esperance.com\/wp-content\/uploads\/2023\/04\/face-cd-je-noublierai-jamais-2-140x140.jpg 140w, https:\/\/chorale-esperance.com\/wp-content\/uploads\/2023\/04\/face-cd-je-noublierai-jamais-2-50x50.jpg 50w, https:\/\/chorale-esperance.com\/wp-content\/uploads\/2023\/04\/face-cd-je-noublierai-jamais-2-80x80.jpg 80w, https:\/\/chorale-esperance.com\/wp-content\/uploads\/2023\/04\/face-cd-je-noublierai-jamais-2.jpg 1417w\" sizes=\"auto, (max-width: 297px) 100vw, 297px\" \/><\/a><\/p>\n<p>1.   Introduction (Didier Mutyebele)<br \/>\n2.   Si je vis (Didier Mutyebele)<br \/>\n3.   Ne cesse pas d\u2019esp\u00e9rer (Didier Mutyebele)<br \/>\n4.   Dis-le-Lui (Didier Mutyebele)<br \/>\n5.   Embrase-moi (Didier Mutyebele)<br \/>\n6.   Voir  Ta gloire (Didier Mutyebele)<br \/>\n7.   Comme un enfant (Didier Mutyebele)<br \/>\n8.   J\u2019\u00e9l\u00e8ve ma voix (Didier Mutyebele)<br \/>\n9.   Interlude : Suivre Dieu (Didier Mutyebele)<br \/>\n10. Ca suffit (Didier Mutyebele)<br \/>\n11. La plus grande marque d\u2019amour (Didier Mutyebele)<br \/>\n12. Il r\u00e9pondra (Didier Mutyebele)<br \/>\n13. Fais confiance au Seigneur (remix2) (Didier Mutyebele)<br \/>\n14. Interlude : un seul nom (Didier Mutyebele)<br \/>\n15. Ensemble (Didier Mutyebele)<br \/>\n16. Interlude : remerciements (Didier Mutyebele)<br \/>\n17. Je n\u2019oublierai jamais (Didier Mutyebele)<\/p>\n<p>Presque deux ans apr\u00e8s  \u00bb Libre  \u00bb notre second CD, cet album est un coffret de gratitude au Seigneur pour 15 ann\u00e9es (et m\u00eame un peu plus) d\u2019existence de la chorale Esp\u00e9rance.<br \/>\nJe pense que celui qui a aim\u00e9 les pr\u00e9c\u00e9dents CDs ne sera pas d\u00e9\u00e7u\u2026\u2026et pour les plus perplexes, c\u2019est l\u2019occasion de d\u00e9couvrir la chorale sous un jour nouveau\u2026<br \/>\nLe r\u00e9pertoire est un brassage de chants in\u00e9dits, de derni\u00e8res nouveaut\u00e9s, de quelques chants qui ont profond\u00e9ment marqu\u00e9 le parcours de la chorale (chants qui avaient volontairement \u00e9t\u00e9 conserv\u00e9s au chaud pour cet album), et bien sur de quelques surprises\u2026<br \/>\nLe style : du Rythme, du bit, et de la danse\u2026. en R&#038;B  \u00bb gospelis\u00e9  \u00bb (comme toujours), Hip-Pop, et j\u2019en passe\u2026mais aussi du calme, de la r\u00e9flexion, de l\u2019adoration.<br \/>\nLe message : l\u2019esp\u00e9rance, l\u2019encouragement sont toujours de mise (je crois que c\u2019est peut-\u00eatre notre appel)\u2026mais cette fois-ci la gratitude, baign\u00e9e dans une huile de louange et d\u2019adoration constitue le centre du message.<\/p>\n"},"caption":{"rendered":"<p>1. Introduction (Didier Mutyebele) 2. Si je vis (Didier Mutyebele)<\/p>\n<p class=\"more-link\"><a href=\"https:\/\/chorale-esperance.com\/index.php\/page-d-exemple\/face-cd-je-noublierai-jamais-2\/\" class=\"readmore\">Lire la suite<svg class=\"icon icon-arrow-right\" aria-hidden=\"true\" role=\"img\"> <use href=\"#icon-arrow-right\" xlink:href=\"#icon-arrow-right\"><\/use> <\/svg><span class=\"screen-reader-text\">&#8220;Je n&#8217;oublierai jamais&#8221; &#8211; 2004<\/span><\/a><\/p>\n"},"alt_text":"","media_type":"image","mime_type":"image\/jpeg","media_details":{"width":1417,"height":1429,"file":"2023\/04\/face-cd-je-noublierai-jamais-2.jpg","filesize":821221,"sizes":{"medium":{"file":"face-cd-je-noublierai-jamais-2-297x300.jpg","width":297,"height":300,"filesize":47680,"mime_type":"image\/jpeg","source_url":"https:\/\/chorale-esperance.com\/wp-content\/uploads\/2023\/04\/face-cd-je-noublierai-jamais-2-297x300.jpg"},"large":{"file":"face-cd-je-noublierai-jamais-2-1015x1024.jpg","width":1015,"height":1024,"filesize":329887,"mime_type":"image\/jpeg","source_url":"https:\/\/chorale-esperance.com\/wp-content\/uploads\/2023\/04\/face-cd-je-noublierai-jamais-2-1015x1024.jpg"},"thumbnail":{"file":"face-cd-je-noublierai-jamais-2-150x150.jpg","width":150,"height":150,"filesize":16460,"mime_type":"image\/jpeg","source_url":"https:\/\/chorale-esperance.com\/wp-content\/uploads\/2023\/04\/face-cd-je-noublierai-jamais-2-150x150.jpg"},"medium_large":{"file":"face-cd-je-noublierai-jamais-2-768x775.jpg","width":768,"height":775,"filesize":214893,"mime_type":"image\/jpeg","source_url":"https:\/\/chorale-esperance.com\/wp-content\/uploads\/2023\/04\/face-cd-je-noublierai-jamais-2-768x775.jpg"},"post-slider-thumb-size":{"file":"face-cd-je-noublierai-jamais-2-330x190.jpg","width":330,"height":190,"filesize":33632,"mime_type":"image\/jpeg","source_url":"https:\/\/chorale-esperance.com\/wp-content\/uploads\/2023\/04\/face-cd-je-noublierai-jamais-2-330x190.jpg"},"post-category-slider-size":{"file":"face-cd-je-noublierai-jamais-2-330x350.jpg","width":330,"height":350,"filesize":60233,"mime_type":"image\/jpeg","source_url":"https:\/\/chorale-esperance.com\/wp-content\/uploads\/2023\/04\/face-cd-je-noublierai-jamais-2-330x350.jpg"},"post-thumbnail":{"file":"face-cd-je-noublierai-jamais-2-960x960.jpg","width":960,"height":960,"filesize":301202,"mime_type":"image\/jpeg","source_url":"https:\/\/chorale-esperance.com\/wp-content\/uploads\/2023\/04\/face-cd-je-noublierai-jamais-2-960x960.jpg"},"photofocus-single-post-page":{"file":"face-cd-je-noublierai-jamais-2-1417x440.jpg","width":1417,"height":440,"filesize":158954,"mime_type":"image\/jpeg","source_url":"https:\/\/chorale-esperance.com\/wp-content\/uploads\/2023\/04\/face-cd-je-noublierai-jamais-2-1417x440.jpg"},"photofocus-testimonial":{"file":"face-cd-je-noublierai-jamais-2-140x140.jpg","width":140,"height":140,"filesize":15054,"mime_type":"image\/jpeg","source_url":"https:\/\/chorale-esperance.com\/wp-content\/uploads\/2023\/04\/face-cd-je-noublierai-jamais-2-140x140.jpg"},"photofocus-stats":{"file":"face-cd-je-noublierai-jamais-2-50x50.jpg","width":50,"height":50,"filesize":5313,"mime_type":"image\/jpeg","source_url":"https:\/\/chorale-esperance.com\/wp-content\/uploads\/2023\/04\/face-cd-je-noublierai-jamais-2-50x50.jpg"},"photofocus-team":{"file":"face-cd-je-noublierai-jamais-2-666x666.jpg","width":666,"height":666,"filesize":171216,"mime_type":"image\/jpeg","source_url":"https:\/\/chorale-esperance.com\/wp-content\/uploads\/2023\/04\/face-cd-je-noublierai-jamais-2-666x666.jpg"},"photofocus-logo-slider":{"file":"face-cd-je-noublierai-jamais-2-124x93.jpg","width":124,"height":93,"filesize":10656,"mime_type":"image\/jpeg","source_url":"https:\/\/chorale-esperance.com\/wp-content\/uploads\/2023\/04\/face-cd-je-noublierai-jamais-2-124x93.jpg"},"photofocus-services":{"file":"face-cd-je-noublierai-jamais-2-80x80.jpg","width":80,"height":80,"filesize":7552,"mime_type":"image\/jpeg","source_url":"https:\/\/chorale-esperance.com\/wp-content\/uploads\/2023\/04\/face-cd-je-noublierai-jamais-2-80x80.jpg"},"full":{"file":"face-cd-je-noublierai-jamais-2.jpg","width":1417,"height":1429,"mime_type":"image\/jpeg","source_url":"https:\/\/chorale-esperance.com\/wp-content\/uploads\/2023\/04\/face-cd-je-noublierai-jamais-2.jpg"}},"image_meta":{"aperture":"0","credit":"","camera":"","caption":"","created_timestamp":"0","copyright":"","focal_length":"0","iso":"0","shutter_speed":"0","title":"","orientation":"0","keywords":[]}},"post":2,"source_url":"https:\/\/chorale-esperance.com\/wp-content\/uploads\/2023\/04\/face-cd-je-noublierai-jamais-2.jpg","_links":{"self":[{"href":"https:\/\/chorale-esperance.com\/index.php\/wp-json\/wp\/v2\/media\/130","targetHints":{"allow":["GET"]}}],"collection":[{"href":"https:\/\/chorale-esperance.com\/index.php\/wp-json\/wp\/v2\/media"}],"about":[{"href":"https:\/\/chorale-esperance.com\/index.php\/wp-json\/wp\/v2\/types\/attachment"}],"author":[{"embeddable":true,"href":"https:\/\/chorale-esperance.com\/index.php\/wp-json\/wp\/v2\/users\/1"}],"replies":[{"embeddable":true,"href":"https:\/\/chorale-esperance.com\/index.php\/wp-json\/wp\/v2\/comments?post=130"}],"wp:attached-to":[{"embeddable":true,"post_type":"page","id":2,"href":"https:\/\/chorale-esperance.com\/index.php\/wp-json\/wp\/v2\/pages\/2"}],"curies":[{"name":"wp","href":"https:\/\/api.w.org\/{rel}","templated":true}]}}

<p class="attachment"><a href='https://chorale-esperance.com/wp-content/uploads/2023/04/face-cd-je-noublierai-jamais-2.jpg'><img loading="lazy" decoding="async" width="297" height="300" src="https://chorale-esperance.com/wp-content/uploads/2023/04/face-cd-je-noublierai-jamais-2-297x300.jpg" class="attachment-medium size-medium" alt="" srcset="https://chorale-esperance.com/wp-content/uploads/2023/04/face-cd-je-noublierai-jamais-2-297x300.jpg 297w, https://chorale-esperance.com/wp-content/uploads/2023/04/face-cd-je-noublierai-jamais-2-1015x1024.jpg 1015w, https://chorale-esperance.com/wp-content/uploads/2023/04/face-cd-je-noublierai-jamais-2-768x775.jpg 768w, https://chorale-esperance.com/wp-content/uploads/2023/04/face-cd-je-noublierai-jamais-2-140x140.jpg 140w, https://chorale-esperance.com/wp-content/uploads/2023/04/face-cd-je-noublierai-jamais-2-50x50.jpg 50w, https://chorale-esperance.com/wp-content/uploads/2023/04/face-cd-je-noublierai-jamais-2-80x80.jpg 80w, https://chorale-esperance.com/wp-content/uploads/2023/04/face-cd-je-noublierai-jamais-2.jpg 1417w" sizes="auto, (max-width: 297px) 100vw, 297px" /></a></p>
<p>1.   Introduction (Didier Mutyebele)<br />
2.   Si je vis (Didier Mutyebele)<br />
3.   Ne cesse pas d’espérer (Didier Mutyebele)<br />
4.   Dis-le-Lui (Didier Mutyebele)<br />
5.   Embrase-moi (Didier Mutyebele)<br />
6.   Voir  Ta gloire (Didier Mutyebele)<br />
7.   Comme un enfant (Didier Mutyebele)<br />
8.   J’élève ma voix (Didier Mutyebele)<br />
9.   Interlude : Suivre Dieu (Didier Mutyebele)<br />
10. Ca suffit (Didier Mutyebele)<br />
11. La plus grande marque d’amour (Didier Mutyebele)<br />
12. Il répondra (Didier Mutyebele)<br />
13. Fais confiance au Seigneur (remix2) (Didier Mutyebele)<br />
14. Interlude : un seul nom (Didier Mutyebele)<br />
15. Ensemble (Didier Mutyebele)<br />
16. Interlude : remerciements (Didier Mutyebele)<br />
17. Je n’oublierai jamais (Didier Mutyebele)</p>
<p>Presque deux ans après  » Libre  » notre second CD, cet album est un coffret de gratitude au Seigneur pour 15 années (et même un peu plus) d’existence de la chorale Espérance.<br />
Je pense que celui qui a aimé les précédents CDs ne sera pas déçu……et pour les plus perplexes, c’est l’occasion de découvrir la chorale sous un jour nouveau…<br />
Le répertoire est un brassage de chants inédits, de dernières nouveautés, de quelques chants qui ont profondément marqué le parcours de la chorale (chants qui avaient volontairement été conservés au chaud pour cet album), et bien sur de quelques surprises…<br />
Le style : du Rythme, du bit, et de la danse…. en R&#038;B  » gospelisé  » (comme toujours), Hip-Pop, et j’en passe…mais aussi du calme, de la réflexion, de l’adoration.<br />
Le message : l’espérance, l’encouragement sont toujours de mise (je crois que c’est peut-être notre appel)…mais cette fois-ci la gratitude, baignée dans une huile de louange et d’adoration constitue le centre du message.</p>
